 when 223838 is divided by 2945.
18
Calculate the remainder when 485188 is divided by 143.
132
Calculate the remainder when 7000 is divided by 34.
30
What is the remainder when 35727 is divided by 161?
146
Calculate the remainder when 3701 is divided by 102.
29
Calculate the remainder when 11729 is divided by 151.
102
Calculate the remainder when 429 is divided by 105.
9
What is the remainder when 2066 is divided by 674?
44
Calculate the remainder when 69890 is divided by 1792.
2
What is the remainder when 66470 is divided by 124?
6
What is the remainder when 10820 is divided by 3271?
1007
What is the remainder when 2395452 is divided by 685?
7
What is the remainder when 2158 is divided by 5?
3
What is the remainder when 56031 is divided by 136?
135
What is the remainder when 21495 is divided by 38?
25
Calculate the remainder when 1613 is divided by 229.
10
Calculate the remainder when 5434 is divided by 597.
61
Calculate the remainder when 35468 is divided by 45.
8
What is the remainder when 103211 is divided by 51576?
59
What is the remainder when 398106 is divided by 405?
396
What is the remainder when 1659464 is divided by 1316?
1304
Calculate the remainder when 1136 is divided by 51.
14
What is the remainder when 29420 is divided by 8?
4
Calculate the remainder when 253717 is divided by 1275.
1267
Calculate the remainder when 828 is divided by 16.
12
What is the remainder when 42408 is divided by 12?
0
What is the remainder when 461447 is divided by 1224?
1223
What is the remainder when 13053 is divided by 214?
213
What is the remainder when 36515 is divided by 105?
80
Calculate the remainder when 17230 is divided by 84.
10
What is the remainder when 12302 is divided by 561?
521
Calculate the remainder when 30696 is divided by 27.
24
What is the remainder when 26644 is divided by 189?
184
Calculate the remainder when 4394 is divided by 2185.
24
Calculate the remainder when 48075 is divided by 5.
0
What is the remainder when 70992 is divided by 314?
28
What is the remainder when 1306 is divided by 258?
16
Calculate the remainder when 33498 is divided by 22.
14
Calculate the remainder when 172487 is divided by 267.
5
What is the remainder when 22587 is divided by 628?
607
Calculate the remainder when 4735 is divided by 239.
194
Calculate the remainder when 49086 is divided by 49077.
9
What is the remainder when 48228 is divided by 24?
12
Calculate the remainder when 14769 is divided by 739.
728
What is the remainder when 4683 is divided by 425?
8
Calculate the remainder when 404309 is divided by 77.
59
Calculate the remainder when 108806 is divided by 7253.
11
What is the remainder when 129576 is divided by 209?
205
Calculate the remainder when 68995 is divided by 14.
3
What is the remainder when 130423 is divided by 43464?
31
Calculate the remainder when 49848 is divided by 1159.
11
Calculate the remainder when 8510 is divided by 147.
131
What is the remainder when 28779 is divided by 14371?
37
Calculate the remainder when 1226512 is divided by 289.
285
What is the remainder when 27192 is divided by 440?
352
What is the remainder when 67667 is divided by 16915?
7
Calculate the remainder when 5905 is divided by 1462.
57
Calculate the remainder when 9246 is divided by 4586.
74
What is the remainder when 105390 is divided by 6198?
24
Calculate the remainder when 18386 is divided by 6089.
119
What is the remainder when 8463 is divided by 1926?
759
Calculate the remainder when 4732 is divided by 191.
148
Calculate the remainder when 5170 is divided by 571.
31
What is the remainder when 828 is divided by 385?
58
Calculate the remainder when 74322 is divided by 114.
108
Calculate the remainder when 3521 is divided by 102.
53
Calculate the remainder when 9276 is divided by 1847.
41
What is the remainder when 267 is divided by 151?
116
What is the remainder when 8683 is divided by 1?
0
Calculate the remainder when 4745 is divided by 280.
265
What is the remainder when 99212 is divided by 106?
102
Calculate the remainder when 5184299 is divided by 29.
27
What is the remainder when 105400 is divided by 7527?
22
Calculate the remainder when 5638 is divided by 5624.
14
What is the remainder when 113903 is divided by 42?
41
What is the remainder when 3300 is divided by 652?
40
Calculate the remainder when 827701 is divided by 8.
5
What is the remainder when 53620 is divided by 879?
1
Calculate the remainder when 111976 is divided by 23.
12
Calculate the remainder when 1032 is divided by 1030.
2
What is the remainder when 34681 is divided by 92?
89
What is the remainder when 18646 is divided by 1069?
473
Calculate the remainder when 43642 is divided by 1744.
42
Calculate the remainder when 47874 is divided by 25.
24
What is the remainder when 70122 is divided by 15?
12
Calculate the remainder when 10820218 is divided by 43.
42
Calculate the remainder when 12301 is divided by 9.
7
Calculate the remainder when 156419 is divided by 117.
107
What is the remainder when 31120 is divided by 63?
61
What is the remainder when 10259 is divided by 5?
4
Calculate the remainder when 1171 is divided by 167.
2
What is the remainder when 1123 is divided by 87?
79
What is the remainder when 11394 is divided by 268?
138
Calculate the remainder when 47681 is divided by 47675.
6
What is the remainder when 5062 is divided by 83?
82
Calculate the remainder when 1252180 is divided by 23.
14
What is the remainder when 8589 is divided by 159?
3
What is the remainder when 5207 is divided by 1368?
1103
Calculate the remainder when 455 is divided by 443.
12
What is the remainder when 17779 is divided by 57?
52
What is the remainder when 191 is divided by 15?
11
Calculate the remainder when 21872 is divided by 1040.
32
What is the remainder when 491463 is divided by 202?
199
What is the remainder when 2150 is divided by 159?
83
Calculate the remainder when 3525 is divided by 24.
21
What is the remainder when 7584 is divided by 3787?
10
What is the remainder when 266788 is divided by 12?
4
Calculate the remainder when 2328 is divided by 348.
240
Calculate the remainder when 1435769 is divided by 1590.
1589
Calculate the remainder when 185424 is divided by 61803.
15
Calculate the remainder when 1599 is divided by 37.
8
What is the remainder when 1623 is divided by 663?
297
Calculate the remainder when 167049 is divided by 55678.
15
Calculate the remainder when 4834 is divided by 4434.
400
What is the remainder when 29758 is divided by 155?
153
Calculate the remainder when 115739 is divided by 782.
3
What is the remainder when 5027 is divided by 363?
308
Calculate the remainder when 102591 is divided by 51294.
3
Calculate the remainder when 3269 is divided by 1619.
31
What is the remainder when 254025 is divided by 53?
49
What is the remainder when 17381 is divided by 172?
9
What is the remainder when 1266 is divided by 217?
181
What is the remainder when 22296 is divided by 587?
577
Calculate the remainder when 4559 is divided by 80.
79
Calculate the remainder when 2465 is divided by 1222.
21
Calculate the remainder when 168163 is divided by 555.
553
What is the remainder when 43108 is divided by 27?
16
Calculate the remainder when 48460 is divided by 49.
48
What is the remainder when 6096 is divided by 343?
265
What is the remainder when 3050 is divided by 3043?
7
What is the remainder when 87138 is divided by 21?
9
What is the remainder when 1692 is divided by 104?
28
What is the remainder when 52051 is divided by 20?
11
What is the remainder when 2381 is divided by 2375?
6
What is the remainder when 5065 is divided by 2527?
11
Calculate the remainder when 267570 is divided by 43.
24
Calculate the remainder when 26959 is divided by 584.
95
What is the remainder when 822 is divided by 191?
58
Calculate the remainder when 14676 is divided by 1054.
974
What is the remainder when 92659 is divided by 201?
199
Calculate the remainder when 5012 is divided by 251.
243
Calculate the remainder when 132846 is divided by 60.
6
What is the remainder when 2617 is divided by 468?
277
What is the remainder when 347776 is divided by 33?
22
What is the remainder when 5318 is divided by 176?
38
Calculate the remainder when 30947 is divided by 407.
15
What is the remainder when 38396 is divided by